1 - (-93 + -1)?
9
Suppose -2*f = -f + 4. Let j be -1*5/10*2*f. Suppose 56 = 5*t - j*r - 0*r, r = -4. What is the units digit of t?
8
Let s(n) = -4*n + 3. Let q be s(-17). Let r = 218 - q. What is the units digit of r?
7
Suppose 227*j + 99036 = 255*j. What is the units digit of j?
7
Suppose -p = 3*p + 16. Let o(f) = 46*f + 47. Let t(z) = -4*z + 4. Let m(u) = -o(u) + 3*t(u). What is the units digit of m(p)?
7
Let o(v) = -v**2 - 15*v + 24. Let d be o(-16). What is the units digit of (-1 + 0 - -11)/(4/d)?
0
Suppose -4*b = y - 51852, -24*y + 5*b - 207320 = -28*y. What is the thousands digit of y?
1
Suppose 39*p - 3467 = 38*p - 2*b, 5*p - 4*b - 17391 = 0. What is the tens digit of p?
7
Let y(h) = -4*h**2 - 3*h + 1. Let s be y(1). What is the units digit of (5 - 2 - 4)*(s - -2)?
4
Let n(w) = -2*w + 67. Let j be n(26). Suppose 3*t - 12*c = -j*c + 912, c - 902 = -3*t. What is the units digit of t?
9
Let p(k) be the second derivative of k**4/4 + 3*k**3/2 - 11*k**2 - 17*k. Let n be p(-12). Let c = -207 + n. What is the tens digit of c?
9
Suppose -6*p + 3*h = -4*p - 115, 4*h = -12. Suppose 47*o = p*o - 3288. What is the hundreds digit of o?
5
Let o be (-2 - 1) + 129 + (-2)/2. Suppose 5*r = o + 225. What is the units digit of r?
0
Let s = -64639 + 95757. What is the tens digit of s?
1
Suppose 1 = k - 3*r - 13, -4*k - 5*r - 12 = 0. Let s be (k/(-4))/(4*(-2)/32). Suppose -s*x + 111 = -33. What is the units digit of x?
2
Let l be 4 + (-11 - -5) + 5. Suppose c + 5*u - 1641 = -l*c, -5*c - 2*u = -2030. What is the tens digit of c?
0
Suppose 5*h - 2465 = -5*b, 4*b = 3*h + 150 + 1808. Suppose -13*m + 12*m + 4*p = -b, -5*m = -2*p - 2473. What is the units digit of m?
5
Let d(r) = 3*r**2 + 1. Let h be d(2). Let q = h + -12. What is the units digit of -68*1*(q - 2)?
8
Let a = -1003 - -704. Let v = 545 + a. What is the units digit of v?
6
What is the units digit of 8126/(-306)*-171 - (1 + -10)?
0
Suppose -3*u + 7077 = -3*x, 0 = -5*u + 621*x - 617*x + 11798. What is the hundreds digit of u?
3
Let h be 45855/99 + (-4)/22. Suppose -23 - h = -2*v. What is the tens digit of v?
4
Let l = 54 + -47. Suppose o = -l*o + 16. Let p(v) = 14*v**2 + 4*v - 7. What is the tens digit of p(o)?
5
Suppose 12 = -4*m + 3*m. Let c(p) = p**3 + 13*p**2 - 3*p - 2. What is the hundreds digit of c(m)?
1
Suppose 8*t + 4*t - 36 = 0. Suppose t*x - x = -5*q + 458, 247 = x - 2*q. What is the units digit of x?
9
Let s = -27949 - -70975. What is the hundreds digit of s?
0
Let h(o) = 70967*o - 1396. What is the thousands digit of h(1)?
9
Let h(r) = 1221*r**2 + 16*r + 130. What is the hundreds digit of h(-7)?
8
Let n = -22 + 29. Suppose 0 = -h + 61 + 475. Suppose -15*o + h = -n*o. What is the units digit of o?
7
Let r(h) = 4*h**2 + 65*h + 187. What is the thousands digit of r(-43)?
4
Let j(k) = 105*k**2 + 130*k + 1435. What is the thousands digit of j(-10)?
0
Let j = 2382 - 2419. Suppose 27 = g - 34. Let b = g + j. What is the tens digit of b?
2
Suppose 5*v - 10 = 3*v. Let x be 2/9 - 3830/(-18). Suppose x - 758 = -v*o. What is the units digit of o?
9
Suppose -5*y + 79 = c + 87, -15 = c - 2*y. Let a(j) = j**3 + 2*j - 1. Let k be a(-3). Let z = c - k. What is the units digit of z?
1
Suppose 0 = -4*n + 67 - 331. Let q = 69 + n. Suppose -4*u + r = -97, q*u + 5*r + 17 - 61 = 0. What is the units digit of u?
3
Let b(t) = 64*t + 2. Let u(o) = -191*o - 10. Let a(g) = -8*b(g) - 3*u(g). What is the tens digit of a(7)?
4
Suppose 5*a = 3*a + 20. Suppose 0 = -a*l + 5*l - 560. What is the units digit of 2/4*-4 - l?
0
Let b(h) = 895*h - 882. What is the tens digit of b(11)?
6
Suppose 26196 = 4*h - 4*s, -3*s + 0*s = 2*h - 13088. What is the thousands digit of h?
6
Suppose 0 = -2*k + 198 + 176. Let v = -58 - -84. Suppose v + 27 = p + 5*a, -5*p + a = -k. What is the tens digit of p?
3
Let b(z) = 4*z**2 + 78*z + 41. Let t be b(-19). Suppose 4*y = 5*a - 3388, -4*a = -t*y - 643 - 2067. What is the hundreds digit of a?
6
Let g(t) = 281*t + 56. Let u(i) = 7*i + 267. Let m be u(-38). What is the hundreds digit of g(m)?
3
Let h = -104 + 54. Let l = h + -61. Let c = -63 - l. What is the tens digit of c?
4
Let r(a) = 184*a**2 + a - 1. Let k = 104 - 103. What is the units digit of r(k)?
4
Let f be 4555/25 - (-4)/5. Let x = 385 - f. What is the hundreds digit of x?
2
Let y(m) = -3*m**2 - 14*m - 5. Let n be y(-4). Suppose 2 = -n*c - 4, 3*b - 192 = 3*c. What is the units digit of b?
2
Let c(s) = -691*s + 1681. What is the thousands digit of c(-20)?
5
Let n(l) = -l**2 - 12*l - 15. Let z be n(-9). Let w = 177 + z. What is the units digit of w?
9
Suppose -c - 2*f - 4 = 0, 5*c - 2*f = 3*f + 10. Suppose m - 26 - 64 = c. Let b = m + 13. What is the units digit of b?
3
Let j(y) = 109*y + 66. Let m(b) = -48*b - 234. Let r be m(-5). What is the units digit of j(r)?
0
Let l be (-12728)/(-301)*(-7)/(-2). Let w = l - 52. What is the units digit of w?
6
What is the tens digit of -20 - (-13 + -12 - 7930)?
3
What is the ten thousands digit of (-24)/3 + (14722 - -27)?
1
Let r(x) = -110*x**3 + 8*x**2 + 48*x + 13. What is the tens digit of r(-5)?
2
Suppose 331*a - 328*a = 3*h + 62466, -3*h = 3*a - 62436. What is the tens digit of a?
1
Suppose -x - 42 = -7*x. Let p be 96/(-112)*1*x. What is the units digit of (1 + 4/p)*45?
5
Suppose 51*w - 2034716 = -17*w - 56*w. What is the thousands digit of w?
6
Let s(l) = 36*l - 47 - 53 + 31 - 73*l. What is the hundreds digit of s(-9)?
2
Suppose 5*i + 1 = 26. What is the units digit of i + ((-302)/6)/((-6)/18)?
6
Suppose 2*h = 3*c - 76520, 10*c - 3*h - 267581 = -12540. What is the ten thousands digit of c?
2
Let s be 0 - 1 - 9/(2 + -5). Suppose 0 = -d + 2*o + 8, -5*d - o + 1 = s*o. Suppose 0 = -d*q + p + 97 + 34, 2*q = -3*p + 135. What is the tens digit of q?
6
Let y(w) = -w**3 - 12*w**2 - 30*w - 105. Let i be y(-17). Suppose z + i = 2*d - 912, d + 4*z = 1381. What is the hundreds digit of d?
3
Let p(u) = u**2 - 11*u + 22. Let s be p(9). Suppose -3*v - 170 = -s*z + 273, -4*z - v = -439. What is the units digit of z?
0
Suppose 5*h = s + 2, 21*s + 6 = 4*h + 18*s. Suppose 4*t - 815 = -5*o, 2*t - 7*o + 5*o - 394 = h. What is the hundreds digit of t?
2
Suppose 3120 = t - 2*r, -2*t - 4*r + 4017 = -2223. Suppose 17*h - t + 451 = 0. What is the units digit of h?
7
What is the thousands digit of 35424 - (-48)/(-3 - -19)?
5
Let s = 66 - 42. Suppose 12*n + 0*n = s. Suppose n*h - 11 - 15 = -r, 5*h = 5*r - 100. What is the tens digit of r?
2
Let s(c) = 1036*c**2 + 36*c + 3. What is the units digit of s(3)?
5
Suppose 3707*h - 196239 = 3703*h + 5*i, 147180 = 3*h - 3*i. What is the thousands digit of h?
9
Suppose -2*d + 47*d - 212610 = 7*d. What is the tens digit of d?
9
Suppose 37479 = 34*o - 15*o - 16*o. What is the thousands digit of o?
2
Let b(s) = -2227*s - 334. What is the units digit of b(-4)?
4
What is the tens digit of (-53368)/(-10) - (84/(-105))/(-1)?
3
Let m = -18677 - -98256. What is the thousands digit of m?
9
Let f be (2 - 7) + 42/(-2). Let i be 0 - (-4)/f - (-36)/234. Suppose 0 = -4*n - 4*w + 604, i = -n - n + 3*w + 307. What is the units digit of n?
2
Let c be (-36)/45*5/(-2). Let p = c - -20. Suppose -2*d = 4 - p. What is the units digit of d?
9
Let p = 35437 - 13737. What is the units digit of p?
0
Suppose 0 = -i - 4*v + 1329, -v + 3965 = 4*i - i. Let d = i + -931. What is the tens digit of d?
9
What is the ten thousands digit of (-2 + 36680 - (-45)/(-9) - -6) + 2?
3
What is the hundreds digit of 9/(-4) + 115659160/5056 - 6/16?
8
Let f be ((-5)/(-2) - 3)/((-7)/(-588)). Let n be 6/14 + 144/f. What is the units digit of (n - 755/(-5)) + 4?
2
Suppose 4*x = 5*f - 28098, 149*f - 5624 = 148*f + 3*x. What is the units digit of f?
8
Suppose -2*d = -13*d - 891. What is the units digit of d/(-135) + (-2407)/(-5)?
2
Suppose -4*o + 249520 = -2*d, 4*o - 3*o - 2*d - 62371 = 0. What is the tens digit of o?
8
Let s = -86327 - -126507. What is the units digit of s?
0
Suppose 2*h = -50 + 38. Let c(v) = 17*v**2 + 9*v - 56. What is the units digit of c(h)?
2
Suppose 25*k + 17058 = 31*k. What is the hundreds digit of k?
8
Let l(p) = -2*p**2 - 48*p + 68. Let q be l(-25). Let o(j) = 3*j**2 - 22*j + 27. What is the units digit of o(q)?
3
Let k be (10 + 71220/(-8))/((-2)/4). What is the tens digit of 14/(-105) - (1 - k/75)?
3
Suppose